the greatest common factor of 581626 and 2076?
346
What is the greatest common factor of 19 and 4271?
1
Calculate the greatest common factor of 8384 and 416.
32
What is the highest common factor of 1698 and 1656682?
566
Calculate the highest common factor of 3184 and 220691.
199
Calculate the greatest common divisor of 30 and 843912.
6
Calculate the highest common factor of 44 and 2993804.
44
Calculate the greatest common factor of 3144999 and 13.
13
Calculate the highest common divisor of 2909640 and 5.
5
What is the greatest common factor of 2713801 and 1538?
769
What is the highest common divisor of 7031 and 89?
89
Calculate the highest common divisor of 19 and 39539.
19
Calculate the highest common divisor of 126105 and 693.
21
Calculate the greatest common factor of 169367 and 25454.
979
Calculate the greatest common factor of 11575 and 50.
25
What is the highest common divisor of 37 and 109113?
37
What is the highest common factor of 189372 and 129?
129
What is the highest common factor of 82585 and 398?
199
Calculate the greatest common divisor of 42 and 109767.
21
What is the greatest common factor of 1383 and 691961?
461
Calculate the highest common factor of 1148 and 22764.
28
What is the highest common factor of 3114 and 330?
6
Calculate the highest common divisor of 5222 and 224.
14
What is the greatest common factor of 315 and 2100?
105
Calculate the highest common divisor of 9 and 2037897.
9
Calculate the highest common divisor of 1205 and 4097.
241
What is the highest common divisor of 1771 and 672?
7
Calculate the greatest common factor of 3042 and 104.
26
Calculate the highest common divisor of 9940 and 4460.
20
What is the greatest common factor of 12311 and 26?
13
What is the greatest common factor of 3056 and 3392?
16
What is the highest common factor of 2572860 and 1096?
548
Calculate the highest common factor of 15623 and 158987.
919
What is the greatest common factor of 255440 and 206?
206
Calculate the greatest common factor of 215 and 92321.
43
What is the greatest common factor of 55 and 2447940?
55
Calculate the greatest common factor of 9889 and 23925.
319
Calculate the highest common factor of 17289 and 85.
17
What is the highest common factor of 19903 and 13?
13
Calculate the highest common factor of 215 and 15.
5
What is the greatest common factor of 94752 and 378?
126
Calculate the greatest common divisor of 617274 and 736.
46
Calculate the greatest common divisor of 840 and 21072.
24
Calculate the highest common divisor of 33424 and 40.
8
What is the highest common factor of 715122 and 323?
323
What is the highest common factor of 94 and 441518?
94
What is the greatest common divisor of 4745 and 156?
13
What is the greatest common factor of 13 and 1274?
13
Calculate the greatest common factor of 413 and 56758.
59
What is the greatest common factor of 5082 and 70?
14
Calculate the highest common divisor of 8896888 and 308.
308
What is the greatest common divisor of 15714 and 243?
81
What is the greatest common divisor of 79965 and 243?
9
What is the greatest common divisor of 22648 and 40?
8
Calculate the highest common factor of 394450 and 250.
50
What is the highest common divisor of 41339 and 1851?
617
What is the highest common factor of 1285947 and 351?
117
What is the highest common divisor of 690 and 26726?
46
What is the greatest common factor of 114 and 14402?
38
What is the greatest common factor of 440680 and 1380?
460
Calculate the highest common divisor of 1806129 and 1118.
559
Calculate the greatest common divisor of 220 and 49885.
55
Calculate the highest common divisor of 55440 and 83580.
420
What is the highest common divisor of 1047905 and 5?
5
What is the greatest common factor of 4555 and 41906?
911
Calculate the highest common divisor of 1457 and 2604.
31
Calculate the highest common factor of 738 and 606.
6
What is the highest common factor of 393 and 52007?
131
Calculate the highest common factor of 6450 and 86946.
258
What is the greatest common factor of 43396 and 304?
76
Calculate the greatest common factor of 192 and 314400.
96
Calculate the greatest common divisor of 463143 and 2348.
587
Calculate the greatest common factor of 236385 and 135405.
2295
What is the highest common factor of 320 and 109720?
40
Calculate the highest common factor of 13090 and 7021.
119
What is the highest common divisor of 248 and 615598?
62
Calculate the greatest common divisor of 4530 and 55020.
30
What is the highest common divisor of 13856 and 144?
16
What is the highest common divisor of 1896 and 2376?
24
Calculate the highest common factor of 1 and 77228.
1
What is the greatest common divisor of 84 and 45759?
21
Calculate the highest common divisor of 158 and 24016.
158
Calculate the highest common factor of 6156 and 608.
76
What is the greatest common factor of 2946678 and 1428?
714
Calculate the greatest common divisor of 525 and 44310.
105
What is the highest common factor of 6507 and 351?
27
Calculate the highest common factor of 4020 and 170.
10
Calculate the greatest common factor of 228017 and 2675.
107
Calculate the highest common factor of 691551 and 4347.
189
What is the highest common divisor of 11484297 and 933?
933
What is the highest common factor of 2317905 and 1710?
855
What is the greatest common divisor of 4251 and 65400?
327
What is the highest common divisor of 4 and 45572?
4
Calculate the highest common divisor of 2899 and 377.
13
What is the highest common factor of 17626 and 238?
14
What is the highest common factor of 1536 and 648?
24
Calculate the greatest common factor of 1463 and 10773.
133
Calculate the greatest common divisor of 108175 and 1675.
25
What is the greatest common divisor of 1176 and 585256?
392
Calculate the greatest common factor of 7 and 428540.
7
What is the highest common divisor of 1764 and 257376?
84
What is the greatest common factor of 650 and 550?
50
What is the highest common factor of 128484 and 171?
9
What is the highest common divisor of 26361 and 261?
261
What is the highest common divisor of 1004 and 14392340?
1004
What is the greatest common factor of 20979 and 42?
21
What is the highest common divisor of 10614 and 464?
58
What is the greatest common divisor of 7908 and 372?
12
Calculate the greatest common divisor of 22 and 172766.
22
Calculate the greatest common factor of 34 and 15276574.
34
Calculate the highest common factor of 5916220 and 380.
380
Calculate the greatest common factor of 1113 and 1511083.
371
What is the highest common factor of 14497 and 665?
133
Calculate the greatest common divisor of 6049 and 1841.
263
What is the highest common divisor of 4605 and 65?
5
What is the highest common divisor of 4200 and 6348?
12
What is the highest common factor of 82 and 1486783?
41
Calculate the highest common factor of 28020 and 855.
15
Calculate the highest common factor of 28 and 4516.
4
What is the highest common divisor of 43864 and 104?
8
What is the highest common divisor of 11 and 5442107?
11
Calculate the greatest common divisor of 164 and 34604.
164
Calculate the highest common factor of 233 and 123.
1
Calculate the highest common factor of 6848 and 35524.
428
Calculate the greatest common factor of 178399 and 52.
13
What is the greatest common divisor of 5558 and 1985?
397
Calculate the highest common divisor of 8690 and 355421.
869
Calculate the highest common divisor of 751091 and 187.
11
Calculate the highest common factor of 5031 and 325.
13
What is the greatest common factor of 45298 and 3190?
638
What is the greatest common factor of 6314 and 1394?
82
Calculate the greatest common factor of 770 and 10885.
35
What is the highest common factor of 50 and 1614?
2
What is the greatest common divisor of 8547 and 96789?
231
What is the highest common factor of 31362 and 48?
6
Calculate the highest common divisor of 17253 and 657.
9
Calculate the highest common factor of 3036 and 76560.
132
What is the greatest common factor of 27 and 2039382?
9
What is the highest common factor of 475 and 14099425?
475
Calculate the greatest common factor of 406 and 27086.
58
What is the highest common divisor of 182 and 78?
26
Calculate the greatest common divisor of 4277 and 11656.
47
What is the highest common factor of 222336 and 324?